{"id":19,"date":"2024-07-02T19:45:21","date_gmt":"2024-07-02T22:45:21","guid":{"rendered":"https:\/\/siligelrio.com.br\/?post_type=product&#038;p=19"},"modified":"2025-04-28T11:31:30","modified_gmt":"2025-04-28T14:31:30","slug":"toque-de-mestre-cera-rapida-de-carnauba","status":"publish","type":"product","link":"https:\/\/siligelrio.com.br\/?product=toque-de-mestre-cera-rapida-de-carnauba","title":{"rendered":"TOQUE DE MESTRE \u2013 CERA R\u00c1PIDA DE CARNA\u00daBA"},"content":{"rendered":"<h4>Toque de Mestre \u00e9 uma cera r\u00e1pida a base da pura carna\u00faba tipo 3, com alto poder de real\u00e7ar a cor e dar o aspecto de \u201cbrilho molhado\u201d ao ve\u00edculo. Ideal para manuten\u00e7\u00e3o de ceras de prote\u00e7\u00e3o duradoura como Candy Wax e Insignia Wax. Al\u00e9m do realce de brilho, Toque de Mestre tamb\u00e9m entrega um toque extremante suave e encantador \u00e0 pintura. Perfeito para manuten\u00e7\u00e3o de ve\u00edculos de exposi\u00e7\u00e3o. Perfeito para encantar o mais exigente apaixonado por carro.<\/h4>\n<h4>Para os profissionais mais exigentes e os maiores entusiastas do mundo automotivo. Toque de Mestre \u00e9 o toque profissional, o detalhe para quem \u00e9 apaixonado por carro. Pode ser aplicado em qualquer superf\u00edcie e tem durabilidade m\u00e1xima de 30 dias.<\/h4>\n<h2 class=\"p1\"><strong>Aplica\u00e7\u00e3o:<\/strong><\/h2>\n<ul>\n<li class=\"p1\">\n<h4>Pintura automotiva e vidros<\/h4>\n<\/li>\n<li class=\"p1\">\n<h4>Motocicletas<\/h4>\n<\/li>\n<li class=\"p1\">\n<h4>Embarca\u00e7\u00f5es<\/h4>\n<\/li>\n<\/ul>\n<h4>\u00a0 \u00a0 As formas de aplica\u00e7\u00e3o nas diferentes superf\u00edcies deve obedecer a mesma t\u00e9cnica de uso do produto.<\/h4>\n<h2 class=\"p1\"><strong>Principais caracter\u00edsticas da cera r\u00e1pida Toque de Mestre:<\/strong><\/h2>\n<ul>\n<li class=\"p1\">\n<h4>Acabamento\u00a0perfeito;<\/h4>\n<\/li>\n<li class=\"p1\">\n<h4>Toque super suave, encanta ao final da aplica\u00e7\u00e3o;<\/h4>\n<\/li>\n<li class=\"p1\">\n<h4>Brilho profundo e espelhado;<\/h4>\n<\/li>\n<li class=\"p1\">\n<h4>Prote\u00e7\u00e3o contra raios UV nocivos;<\/h4>\n<\/li>\n<li class=\"p1\">\n<h4>Alto poder de mascaramento, escondendo pequenos defeitos da pintura;<\/h4>\n<\/li>\n<li class=\"p1\">\n<h4>Mais f\u00e1cil aplica\u00e7\u00e3o do mercado;<\/h4>\n<\/li>\n<li class=\"p1\">\n<h4>Aplic\u00e1vel em\u00a0vernizes e vidros;<\/h4>\n<\/li>\n<li class=\"p1\">\n<h4>Alto rendimento: faz aproximadamente 25 carros pequenos.<\/h4>\n<\/li>\n<li>\n<h4>At\u00e9 39 dias de durabilidade em uma \u00fanica aplica\u00e7\u00e3o<\/h4>\n<\/li>\n<\/ul>\n<h2 class=\"p1\"><strong>Modo de usar:<\/strong><\/h2>\n<ol>\n<li>\n<h4>Limpe a superf\u00edcie normalmente.<\/h4>\n<\/li>\n<li>\n<h4>Borrife um pouco da cera Toque de Mestre na superf\u00edcie;<\/h4>\n<\/li>\n<li>\n<h4>Use um pano de microfibras para espalhar uniformemente o produto.<\/h4>\n<\/li>\n<li>\n<h4>Passe um pano de microfibras limpo e seco para remo\u00e7\u00e3o de qualquer excesso.<\/h4>\n<\/li>\n<\/ol>\n","protected":false},"excerpt":{"rendered":"<p>Toque de Mestre \u00e9 uma cera r\u00e1pida a base da pura carna\u00faba tipo 3, com alto poder de real\u00e7ar a cor e dar o aspecto de \u201cbrilho molhado\u201d ao ve\u00edculo.<\/p>\n<p>&nbsp;<\/p>\n","protected":false},"featured_media":20,"comment_status":"open","ping_status":"closed","template":"","meta":{"jetpack_publicize_message":"","jetpack_publicize_feature_enabled":true,"jetpack_social_post_already_shared":false,"jetpack_social_options":{"image_generator_settings":{"template":"highway","default_image_id":0,"font":"","enabled":false},"version":2}},"product_brand":[],"product_cat":[15],"product_tag":[17],"class_list":{"0":"post-19","1":"product","2":"type-product","3":"status-publish","4":"has-post-thumbnail","6":"product_cat-ceras","7":"product_tag-ceras","8":"product_shipping_class-padrao","10":"first","11":"instock","12":"taxable","13":"shipping-taxable","14":"purchasable","15":"product-type-simple"},"jetpack_publicize_connections":[],"jetpack_sharing_enabled":true,"_links":{"self":[{"href":"https:\/\/siligelrio.com.br\/index.php?rest_route=\/wp\/v2\/product\/19","targetHints":{"allow":["GET"]}}],"collection":[{"href":"https:\/\/siligelrio.com.br\/index.php?rest_route=\/wp\/v2\/product"}],"about":[{"href":"https:\/\/siligelrio.com.br\/index.php?rest_route=\/wp\/v2\/types\/product"}],"replies":[{"embeddable":true,"href":"https:\/\/siligelrio.com.br\/index.php?rest_route=%2Fwp%2Fv2%2Fcomments&post=19"}],"wp:featuredmedia":[{"embeddable":true,"href":"https:\/\/siligelrio.com.br\/index.php?rest_route=\/wp\/v2\/media\/20"}],"wp:attachment":[{"href":"https:\/\/siligelrio.com.br\/index.php?rest_route=%2Fwp%2Fv2%2Fmedia&parent=19"}],"wp:term":[{"taxonomy":"product_brand","embeddable":true,"href":"https:\/\/siligelrio.com.br\/index.php?rest_route=%2Fwp%2Fv2%2Fproduct_brand&post=19"},{"taxonomy":"product_cat","embeddable":true,"href":"https:\/\/siligelrio.com.br\/index.php?rest_route=%2Fwp%2Fv2%2Fproduct_cat&post=19"},{"taxonomy":"product_tag","embeddable":true,"href":"https:\/\/siligelrio.com.br\/index.php?rest_route=%2Fwp%2Fv2%2Fproduct_tag&post=19"}],"curies":[{"name":"wp","href":"https:\/\/api.w.org\/{rel}","templated":true}]}}